 4 + 5 - 2 + u**2. What is q(-13)?
-1
Let q(n) = n**2 - n + 5. Let i = -568 - -563. What is q(i)?
35
Let i(o) = 11*o**3 + 2*o**2 - 1. Let u = 290 - 289. Give i(u).
12
Let m(i) be the third derivative of -i**6/120 + 13*i**5/60 - i**4/2 - 4*i**2 - 10. Give m(12).
0
Let q(v) be the first derivative of 5*v**2/2 - 2*v - 83. Let a(t) = -t**3 + 5*t**2 - 5*t + 6. Let l be a(4). Give q(l).
8
Let i(n) = -n**3 + 10*n**2 + 12*n - 19. Let g(m) = -m**3 + 2*m**2 + 2*m + 11. Let s be g(0). Determine i(s).
-8
Let y(n) = -n**2 + 14*n + 22. Let l = -200 + 215. Determine y(l).
7
Suppose 4*z - 5*g - 19 = 0, 0 = 5*g - 0*g - 25. Let c(d) = -d**2 + 13*d - 13. Determine c(z).
9
Let m = -7 + 11. Suppose -30 = a + m*a. Let p(t) = -t**2 - 4*t + 5. Calculate p(a).
-7
Let i(c) = 1 + 7*c - 3 + 5. Let p(l) = 15*l + 5. Let b(u) = -13*i(u) + 6*p(u). Give b(-4).
-5
Let i(v) = -11*v - 1. Let z be i(0). Let n(w) = -7*w + 1. Determine n(z).
8
Let y(o) be the first derivative of o**2/2 + 3*o - 87. What is y(-12)?
-9
Suppose -51 = 2*d - o, -19*d = -21*d - 2*o - 60. Let f(k) = k**2 + 29*k + 54. What is f(d)?
0
Let f(c) = 6*c + 14. Let n(u) = -2*u - 6. Let z(a) = 2*f(a) + 5*n(a). Give z(-3).
-8
Let w(q) = -3 + 1031*q + 1037*q - 2075*q. What is w(4)?
-31
Let x(t) = -t**2 - t - 1. Suppose -9 = 4*r + u, -4*r + 0*u - 3*u = 11. Determine x(r).
-3
Let o(m) be the second derivative of -m**5/60 + m**4/3 - 4*m**3/3 + 8*m. Let j(w) be the second derivative of o(w). Give j(7).
-6
Let x be (-12 - -2) + 1 + 1. Let q(w) be the second derivative of -1/12*w**4 - 3*w**2 - 1 - 4/3*w**3 - 5*w. Calculate q(x).
-6
Let z be (-1)/3 - 22/(-3). Let p(q) = 7*q**3 - 5*q**2 - 5*q - 1. Let n(i) = -8*i**3 + 5*i**2 + 6*i + 2. Let m(w) = z*p(w) + 6*n(w). Calculate m(4).
-7
Let i(h) = -3*h**3 - 3*h**2 - h - 3. Let o(c) be the first derivative of -c**4 - 4*c**3/3 - c**2/2 - 4*c + 11. Let l(g) = 5*i(g) - 4*o(g). Determine l(-3).
-14
Let l(n) = 7*n - 13. Let m(r) = r - 1. Let d(q) = 2*l(q) - 22*m(q). What is d(-4)?
28
Suppose -6 - 4 = -4*j + 5*x, 3*j - 2*x = 4. Suppose 20*n - 18*n + 12 = j. Let q(d) = 0*d + 4*d**2 - 3*d**2 - 3 + 8*d. Determine q(n).
-15
Let q = -225 - -229. Let k(p) = 5*p + 1. Determine k(q).
21
Let v(j) = 7*j + 2. Let l = 417 - 419. Give v(l).
-12
Let h = 14 - 8. Let j(p) be the first derivative of -p**4/4 + 5*p**3/3 + 5*p**2/2 - p - 271. Give j(h).
-7
Let k be (-1 - 1/(-4))*-4. Let y(x) be the second derivative of 1/3*x**3 + 0 - 5/2*x**2 + k*x. What is y(5)?
5
Let t(p) = 19*p**3 + 2*p**2 + 2*p + 1. Suppose 38 = -8*k + 230. Suppose 5 = 19*u - k*u. What is t(u)?
-18
Let o(g) = g**3 - 6*g**2 + g. Let k be 2/4 - ((-42)/12 - -8). Let w be (10/(-3))/(k/6). What is o(w)?
-20
Let c(j) = -j**2 - 4*j. Let m be c(-3). Let d = 32 + -24. Let t(k) = -2*k**2 + 9*k**2 - d*k**2 + 1 + 1. Calculate t(m).
-7
Let o(v) = 5*v + 1. Let p be (-14)/4 + (-9)/(-108)*6. Give o(p).
-14
Let y be (6 - 232/38) + 118/38. Let w(j) = j**3 - 3*j**2 - 2*j + 1. Determine w(y).
-5
Let w(t) = 4 - 77*t + 154*t - 74*t - 3. Suppose 2*l + 2 = -0. Calculate w(l).
-2
Let h(a) = a**2. Suppose 2 = 4*m - 10. Suppose 0 = 3*z + m. Calculate h(z).
1
Suppose 20 - 36 = 8*l. Let g = -5 + 8. Let d(v) = 1 - 4*v**3 + v**g - v**2 + 4*v**3. Give d(l).
-11
Let x be 1081/46 - 2/(-4). Suppose -a = 3*a + x. Let p(d) = d**2 + 4*d - 4. Give p(a).
8
Let h(p) be the third derivative of p**6/120 + p**5/20 - 2*p**2 + p. Let c(m) = -m + 7. Let s be c(10). Give h(s).
0
Let u be (1 + 2)/(-6*2/(-16)). Let a(l) = l + 3. Let v(d) = 1. Let f be (3 - 1)/(4/6). Let o(x) = f*a(x) - 15*v(x). Calculate o(u).
6
Let w(m) be the third derivative of m**4/8 + 2*m**3/3 - 2450*m**2. Suppose -4*r + 3*p + 0 = 18, -4*p = -4*r - 16. Give w(r).
-14
Let d(m) be the second derivative of m**7/840 - m**5/120 - 11*m**4/24 - m**3/6 - 2*m. Let a(b) be the second derivative of d(b). What is a(0)?
-11
Let h(p) be the second derivative of p**4/12 + 5*p**3/6 - p**2 + 80*p. What is h(-5)?
-2
Let f(v) = 3 + 1208*v**2 - 11*v - 2403*v**2 - v**3 + 1207*v**2. Calculate f(11).
3
Let h(v) = -v**2 + 24*v - 35. Let x be h(22). Suppose 13 = -4*f + x. Let g(c) = 17*c**2 - c. Give g(f).
18
Let d(l) = l**2 + 3*l - 1. Let a be d(-4). Let q(z) = z**2 + 4 + z**3 - a*z**2 - 4*z - 2*z**2 + 2*z**2. Let n(f) = 4*f**3 - 2*f + 1. Let t be n(1). Give q(t).
1
Let d(h) = h**3 + 4*h**2 - 6*h - 1. Let q(n) = n + 7. Let z(r) = r**3 - 9*r**2 - 11*r. Let u be z(10). Let y be q(u). Let l be (y/2 - 1)*2. Determine d(l).
4
Let x(o) = -o**3 - 18*o**2 - 31*o + 20. Let t be x(-16). Suppose -10*h + 9*h = -t. Let u(a) = a**3 - 5*a**2 + 2*a + 3. What is u(h)?
-5
Let g(f) = 62*f - 4. Suppose 0 + 5 = -m, 4*i - 25 = m. Let n(s) = -41*s + 3. Let l(t) = i*g(t) + 7*n(t). Determine l(1).
24
Let v = -398 - -382. Let t(u) = -u**3 - 15*u**2 + 18*u + 13. Give t(v).
-19
Let t(l) be the second derivative of -l**3/6 - l**2 + 26*l + 1. Let a(r) = -r**3 - 9*r**2 - 9*r - 6. Let w be a(-8). Let y = 4 + w. Calculate t(y).
-8
Let p(g) = -g**3 + 11*g**2 + 3*g - 14. Let s be p(11). Let l(r) = 13*r + 1 + 5*r - s*r. Let w(i) = i**2 - 2*i - 3. Let y be w(-2). Calculate l(y).
-4
Let i(p) = -7 + 1 + 3*p - p**3 + 4*p + 3*p**2. Let y be 6/12 + (63/(-2))/(-9). Determine i(y).
6
Let f(m) = m + 0*m + 8 - 5 - 2. Determine f(-2).
-1
Let f = 16 + -11. Let g(b) = 1 - 35*b + 0 + 78*b - 40*b - b**2 + 0. Calculate g(f).
-9
Let h(k) = 101*k + 70. Let x(i) = -51*i - 30. Let p(n) = 3*h(n) + 7*x(n). Determine p(1).
-54
Let b(j) = -j - 1. Let x(v) = -3*v**2 + 39*v - 38. Let w be x(12). Calculate b(w).
1
Let q = -38 - -37. Let d(r) = 26*r**3 - 8*r**2 - 14*r + 5. Let s(m) = 9*m**3 - 3*m**2 - 5*m + 2. Let o(y) = 3*d(y) - 8*s(y). What is o(q)?
-5
Let r = -1396 + 1405. Let p(x) = -x**3 + 10*x**2 - 12*x + 8. What is p(r)?
-19
Let z be -3*4/6 + 239. Let d = 231 - z. Let k(i) be the third derivative of i**4/24 + i**3/2 + i**2. Determine k(d).
-3
Let c(j) = 0 + 2*j - 1 - j**2 + 0*j - j. Suppose -q + 15*q - 42 = 0. Determine c(q).
-7
Let j(z) be the third derivative of -z**5/20 + z**4/3 - z**3/2 - 129*z**2. What is j(5)?
-38
Suppose -12*c = -11*c + 5. Let h(f) be the third derivative of 0*f + 1/8*f**4 + 1/60*f**5 + 0 - 1/2*f**3 - f**2. Determine h(c).
7
Let s(l) = l - 14. Let o be s(21). Let h(z) = z**3 - 6*z - 6*z**2 - 7 + 2*z - z. Calculate h(o).
7
Let v be (-12)/30*(-1)/(3/30). Suppose 2 = -2*n + 6. Let z(t) = t + t**n - 3*t + t + 0 - 5. Determine z(v).
7
Let r(n) = n + 2. Let i be r(0). Let p(x) = x**2 - 28*x**3 - 35*x**3 - 2*x - 37*x**3 + 99*x**3. Give p(i).
-8
Let y(k) = 23*k**2 - 39*k**2 - 22 + 14*k**2 - 20*k. What is y(-9)?
-4
Let m(g) = 2*g + 10. Suppose -2*i = 11 + 1. Let q be m(i). Let u(x) be the second derivative of x**4/12 + x**3/3 - x**2/2 + x. Calculate u(q).
-1
Let z(u) = -4*u**2 - u - 9. Let p be 6/(-4)*(-50)/(-15). Let k(o) = -2 - 12 + 2*o - 6*o**2 - 3*o. Let f(h) = p*k(h) + 8*z(h). What is f(-2)?
-4
Let u(o) = 12 + 1 - 3 - o**2. Let d(y) be the first derivative of -y**4/2 - 4*y**3 + y**2 + 12*y + 17. Let q be d(-6). Calculate u(q).
10
Suppose 6*v - 13 = -7. Let a(w) be the first derivative of -5*w**4/4 - w**3/3 + w**2/2 - 9. Give a(v).
-5
Suppose 13*x = -29*x - 84. Let a(h) = -5*h - 6. Let j(r) = 45*r + 55. Let b(c) = 55*a(c) + 6*j(c). Give b(x).
10
Let i be 12/((-6)/(-2)) - (-96)/32. Let j(o) = -3*o + 1. Determine j(i).
-20
Suppose 0 = -4*j + 5*o - 15, -7*o + 15 = -2*o. Let q(w) = 0*w**2 + 5*w**2 + 4 - 6*w - 4*w**2 + j*w**2. Let v(i) = 3*i - 4. Let d be v(3). Determine q(d).
-1
Suppose -25 = 5*j, u + 2*j - 1 + 5 = 0. Let y = u - 4. Let q(b) = -3 + y*b + 5 - b - 4. Determine q(-4).
-6
Let g(x) = 2*x**2 - 5*x - 2. Let m = -47 + 62. Let c be (-6 - -11)*12/m. Give g(c).
10
Suppose -43*f - 66*f - 297 = -10*f. Let s(z) = z**3 - 3*z - 7. Let n(q) = -q**3 + q**2 + 3*q + 8. Let j(k) = 3*n(k) + 4*s(k). Determine j(f).
5
Let z(o) = -o**2 - 5*o + 10. Let b be 67/871 - (184/26 - 0). Calculate z(b).
-4
Let q(y) = -y + 4. Suppose 28*n + 24*n = 0. Determine q(n).
4
Let y(k) be the first derivative of k**3/3 + k**2/2 - k - 16. Suppose -15*w = -11*w. Determine y(w).
-1
Let k(o) = -o**3 - 10*o**2 - 11*o - 11. Let f be (-39)/3 + 7 + 2 + -5. Determine k(f).
7
Let r(p) = 4*p**3 + p**2 - 3*p + 3. Let z(h) = 5*h**3 + 2*h**2 - 4*h + 3. Let f(w) = 6*r(w) - 5*z(w). Determine f(-2).
-9
Suppose 0 = 5